{"id":314,"date":"2024-03-08T15:07:02","date_gmt":"2024-03-08T14:07:02","guid":{"rendered":"http:\/\/www.tem.agh.edu.pl\/main_nowastrona\/?page_id=314"},"modified":"2024-03-11T11:20:41","modified_gmt":"2024-03-11T10:20:41","slug":"kontakt","status":"publish","type":"page","link":"https:\/\/www.tem.agh.edu.pl\/main_nowastrona\/kontakt\/","title":{"rendered":"Kontakt"},"content":{"rendered":"\n<figure class=\"wp-block-image size-large\"><img fetchpriority=\"high\" decoding=\"async\" width=\"1024\" height=\"576\" src=\"https:\/\/www.tem.agh.edu.pl\/main_nowastrona\/wp-content\/uploads\/2024\/03\/DJI_0446-1024x576.jpg\" alt=\"\" class=\"wp-image-315\" srcset=\"https:\/\/www.tem.agh.edu.pl\/main_nowastrona\/wp-content\/uploads\/2024\/03\/DJI_0446-1024x576.jpg 1024w, https:\/\/www.tem.agh.edu.pl\/main_nowastrona\/wp-content\/uploads\/2024\/03\/DJI_0446-300x169.jpg 300w, https:\/\/www.tem.agh.edu.pl\/main_nowastrona\/wp-content\/uploads\/2024\/03\/DJI_0446-768x432.jpg 768w, https:\/\/www.tem.agh.edu.pl\/main_nowastrona\/wp-content\/uploads\/2024\/03\/DJI_0446-1536x864.jpg 1536w, https:\/\/www.tem.agh.edu.pl\/main_nowastrona\/wp-content\/uploads\/2024\/03\/DJI_0446-2048x1152.jpg 2048w, https:\/\/www.tem.agh.edu.pl\/main_nowastrona\/wp-content\/uploads\/2024\/03\/DJI_0446-676x380.jpg 676w\" sizes=\"(max-width: 1024px) 100vw, 1024px\" \/><\/figure>\n\n\n\n<p>Centrum Mikroskopii Elektronowej dla In\u017cynierii Materia\u0142owej <\/p>\n\n\n\n<p>Akademia G\u00f3rniczo-Hutnicza im. Stanis\u0142awa Staszica w Krakowie<\/p>\n\n\n\n<p>al. A. Mickiewicza 30, 30-059 Krak\u00f3w<\/p>\n\n\n\n<p>pawilon A-2, parter<\/p>\n\n\n\n<p><iframe width=\"500\" height=\"350\" src=\"https:\/\/www.openstreetmap.org\/export\/embed.html?bbox=19.918255805969242%2C50.063472024021436%2C19.92533683776856%2C50.06656430136483&amp;layer=mapnik&amp;marker=50.0650181876122%2C19.921796321868896\" style=\"border: 1px solid black\"><\/iframe><br><small><a href=\"https:\/\/www.openstreetmap.org\/?mlat=50.06502&amp;mlon=19.92180#map=18\/50.06502\/19.92180\">Wy\u015bwietl wi\u0119ksz\u0105 map\u0119<\/a><\/small><\/p>\n\n\n\n<p><\/p>\n\n\n\n<p>Kierownik Centrum:<\/p>\n\n\n\n<p>Adam Kruk<br>Dr hab. in\u017c, prof. AGH <\/p>\n\n\n\n<p><a href=\"mailto:kruczek@agh.edu.pl\">kruczek@agh.edu.pl<\/a><\/p>\n","protected":false},"excerpt":{"rendered":"<p>Centrum Mikroskopii Elektronowej dla In\u017cynierii Materia\u0142owej Akademia G\u00f3rniczo-Hutnicza im. Stanis\u0142awa Staszica w Krakowie al. A. Mickiewicza 30, 30-059 Krak\u00f3w pawilon A-2, parter Wy\u015bwietl wi\u0119ksz\u0105 map\u0119 Kierownik Centrum: Adam KrukDr hab. in\u017c, prof. AGH kruczek@agh.edu.pl<\/p>\n","protected":false},"author":1,"featured_media":0,"parent":0,"menu_order":0,"comment_status":"closed","ping_status":"closed","template":"","meta":{"footnotes":""},"class_list":["post-314","page","type-page","status-publish","hentry","post-preview"],"_links":{"self":[{"href":"https:\/\/www.tem.agh.edu.pl\/main_nowastrona\/wp-json\/wp\/v2\/pages\/314","targetHints":{"allow":["GET"]}}],"collection":[{"href":"https:\/\/www.tem.agh.edu.pl\/main_nowastrona\/wp-json\/wp\/v2\/pages"}],"about":[{"href":"https:\/\/www.tem.agh.edu.pl\/main_nowastrona\/wp-json\/wp\/v2\/types\/page"}],"author":[{"embeddable":true,"href":"https:\/\/www.tem.agh.edu.pl\/main_nowastrona\/wp-json\/wp\/v2\/users\/1"}],"replies":[{"embeddable":true,"href":"https:\/\/www.tem.agh.edu.pl\/main_nowastrona\/wp-json\/wp\/v2\/comments?post=314"}],"version-history":[{"count":6,"href":"https:\/\/www.tem.agh.edu.pl\/main_nowastrona\/wp-json\/wp\/v2\/pages\/314\/revisions"}],"predecessor-version":[{"id":343,"href":"https:\/\/www.tem.agh.edu.pl\/main_nowastrona\/wp-json\/wp\/v2\/pages\/314\/revisions\/343"}],"wp:attachment":[{"href":"https:\/\/www.tem.agh.edu.pl\/main_nowastrona\/wp-json\/wp\/v2\/media?parent=314"}],"curies":[{"name":"wp","href":"https:\/\/api.w.org\/{rel}","templated":true}]}}